{"id":153,"date":"2016-01-19T08:10:57","date_gmt":"2016-01-19T07:10:57","guid":{"rendered":"http:\/\/laturbineagraines.net\/?page_id=153"},"modified":"2024-05-21T14:51:17","modified_gmt":"2024-05-21T13:51:17","slug":"nos-amis-2","status":"publish","type":"page","link":"https:\/\/laturbineagraines.net\/index.php\/nos-amis\/nos-amis-2\/","title":{"rendered":"Nos ami\u00b7e\u00b7s"},"content":{"rendered":"<h2>R\u00e9seaux :<\/h2>\n<p><span style=\"text-decoration: underline;\">La Turbine est une association membre <a href=\"https:\/\/reseaucrefad.org\/fonctionnement\/#annuaire\">du r\u00e9seau des<\/a>\u00a0<a href=\"http:\/\/www.reseaucrefad.org\/\" target=\"_blank\" rel=\"noopener noreferrer\">CREFAD<\/a><\/span><br \/>\nLe r\u00e9seau des SCOP d&rsquo;Education Populaire : <span style=\"text-decoration: underline;\"><a href=\"http:\/\/www.vent-debout.org\/index.php\/lagrenaille\" target=\"_blank\" rel=\"noopener noreferrer\">la Grenaille<\/a><\/span><span style=\"text-decoration: underline;\"><br \/>\n<a href=\"http:\/\/www.compagnie-naje.fr\/\">NAJE &#8211; r\u00e9seau de th\u00e9atre de l&rsquo;opprim\u00e9<\/a><\/span><\/p>\n<p><a href=\"http:\/\/www.solidaritesjeunesses.org\/\" target=\"_blank\" rel=\"noopener noreferrer\">Solidarit\u00e9s Jeunesses<\/a><\/p>\n<h2>Structures coll\u00e8gues\u00a0 :<\/h2>\n<p><a href=\"https:\/\/associationpivoine.wordpress.com\/actualites\/\">Pivoine<\/a><\/p>\n<p><a href=\"https:\/\/www.lameandre.net\/\" target=\"_blank\" rel=\"noopener noreferrer\">La M\u00e9andre<\/a><\/p>\n<p><a href=\"http:\/\/www.nousistan.org\/\">Le nousistan<\/a><\/p>\n<p><a href=\"https:\/\/www.asso-ebullition.fr\/\">L&rsquo;\u00e9bullition<\/a><\/p>\n<p><span style=\"text-decoration: underline;\"> <a href=\"http:\/\/www.escargotmigrateur.org\/\" target=\"_blank\" rel=\"noopener noreferrer\">L&rsquo;Escargot Migrateur<\/a><\/span><\/p>\n<p><a href=\"https:\/\/scoplorage.org\/\">Les Orageuses<\/a><\/p>\n<p><a href=\"https:\/\/www.aequitaz.org\/\">Aequitaz<\/a><\/p>\n<p><a href=\"https:\/\/lesperluettemarseille.wordpress.com\/\">L&rsquo;esperluette &#8211; La m\u00e8che<\/a><\/p>\n<p><a href=\"https:\/\/dynamiquescollectives.fr\/\">Marianne Pachoud<\/a><\/p>\n<p><a href=\"http:\/\/www.sanstransition.org\/\">Sans Transition<\/a><\/p>\n<p><a href=\"https:\/\/www.boitenoire.net\/\">La Bo\u00eete noire<\/a><\/p>\n<p><a href=\"https:\/\/www.heureux-cyclage.org\/-formations-avec-le-reseau-.html\">C\u00e9line Zoppelo &#8211; l&rsquo;heureux cyclage<\/a><\/p>\n<p><a href=\"https:\/\/www.modop.org\/\">Modus Operandi<\/a><\/p>\n<p><a href=\"https:\/\/mmeruetabaga.org\/\">Mme Ruetabaga &#8211; p\u00e9dagogie sociale<\/a><\/p>\n<p><a href=\"http:\/\/loffice.coop\/accueil\/\" target=\"_blank\" rel=\"noopener noreferrer\">L&rsquo;office<\/a><\/p>\n<p><a href=\"https:\/\/celinelangloisaccompagnement.wordpress.com\/ce-que-je-propose\/accompagnement-psychologique\/\">C\u00e9line Langlois<\/a><\/p>\n<h2>Partenaires locaux (Dr\u00f4me et Is\u00e8re)<\/h2>\n<p><span style=\"text-decoration: underline;\"> <a href=\"http:\/\/www.cedille.pro\/\" target=\"_blank\" rel=\"noopener noreferrer\">Le 36<\/a><\/span><\/p>\n<p><a href=\"http:\/\/www.voyageursdescimes.com\/\" target=\"_blank\" rel=\"noopener noreferrer\">Voyageurs des Cimes<\/a><br \/>\n<span style=\"text-decoration: underline;\"> <a href=\"http:\/\/www.usinevivante.org\/\" target=\"_blank\" rel=\"noopener noreferrer\">L&rsquo;Usine Vivante<\/a><\/span><br \/>\n<span style=\"text-decoration: underline;\"> <a href=\"http:\/\/limprobable.xyz\/\" target=\"_blank\" rel=\"noopener noreferrer\">L&rsquo;improbable<\/a><\/span><br \/>\n<a href=\"http:\/\/www.ensembleici.fr\/\">Ensemble ici<\/a><br \/>\n<span style=\"text-decoration: underline;\"> <a href=\"http:\/\/www.escdd.fr\/website\/\" target=\"_blank\" rel=\"noopener noreferrer\">L&rsquo;Espace Social et Culturel du Diois<\/a><\/span><\/p>\n<p><a href=\"http:\/\/www.cap-berriat.com\/\">Cap Berriat<\/a><\/p>\n<p>l&rsquo;<a href=\"http:\/\/afev.fr\/\" target=\"_blank\" rel=\"noopener noreferrer\">AFEV<\/a> ( Grenoble, Lyon, Marseille, Nice)<\/p>\n","protected":false},"excerpt":{"rendered":"<p>R\u00e9seaux : La Turbine est une association membre du r\u00e9seau des\u00a0CREFAD Le r\u00e9seau des SCOP d&rsquo;Education Populaire : la Grenaille NAJE &#8211; r\u00e9seau de th\u00e9atre de l&rsquo;opprim\u00e9 Solidarit\u00e9s Jeunesses Structures coll\u00e8gues\u00a0 : Pivoine La M\u00e9andre Le nousistan L&rsquo;\u00e9bullition L&rsquo;Escargot Migrateur Les Orageuses Aequitaz L&rsquo;esperluette &#8211; La m\u00e8che Marianne Pachoud Sans Transition La Bo\u00eete noire C\u00e9line &hellip; <a href=\"https:\/\/laturbineagraines.net\/index.php\/nos-amis\/nos-amis-2\/\" class=\"more-link\">Continuer la lecture de <span class=\"screen-reader-text\">Nos ami\u00b7e\u00b7s<\/span> <span class=\"meta-nav\">&rarr;<\/span><\/a><\/p>\n","protected":false},"author":3,"featured_media":0,"parent":53,"menu_order":0,"comment_status":"closed","ping_status":"closed","template":"","meta":{"footnotes":""},"class_list":["post-153","page","type-page","status-publish","hentry"],"_links":{"self":[{"href":"https:\/\/laturbineagraines.net\/index.php\/wp-json\/wp\/v2\/pages\/153","targetHints":{"allow":["GET"]}}],"collection":[{"href":"https:\/\/laturbineagraines.net\/index.php\/wp-json\/wp\/v2\/pages"}],"about":[{"href":"https:\/\/laturbineagraines.net\/index.php\/wp-json\/wp\/v2\/types\/page"}],"author":[{"embeddable":true,"href":"https:\/\/laturbineagraines.net\/index.php\/wp-json\/wp\/v2\/users\/3"}],"replies":[{"embeddable":true,"href":"https:\/\/laturbineagraines.net\/index.php\/wp-json\/wp\/v2\/comments?post=153"}],"version-history":[{"count":27,"href":"https:\/\/laturbineagraines.net\/index.php\/wp-json\/wp\/v2\/pages\/153\/revisions"}],"predecessor-version":[{"id":2377,"href":"https:\/\/laturbineagraines.net\/index.php\/wp-json\/wp\/v2\/pages\/153\/revisions\/2377"}],"up":[{"embeddable":true,"href":"https:\/\/laturbineagraines.net\/index.php\/wp-json\/wp\/v2\/pages\/53"}],"wp:attachment":[{"href":"https:\/\/laturbineagraines.net\/index.php\/wp-json\/wp\/v2\/media?parent=153"}],"curies":[{"name":"wp","href":"https:\/\/api.w.org\/{rel}","templated":true}]}}