{"id":29,"date":"2015-12-22T14:21:37","date_gmt":"2015-12-22T13:21:37","guid":{"rendered":"http:\/\/laturbineagraines.net\/?page_id=29"},"modified":"2021-11-17T11:05:07","modified_gmt":"2021-11-17T10:05:07","slug":"formation-sur-mesure","status":"publish","type":"page","link":"https:\/\/laturbineagraines.net\/index.php\/la-formation-turbine\/formation-sur-mesure\/","title":{"rendered":"Formations sur mesure"},"content":{"rendered":"<p align=\"JUSTIFY\">La Turbine \u00e0 Graines peut aussi s\u2019inviter chez vous&nbsp;! D\u2019un atelier d\u2019une journ\u00e9e, \u00e0 un stage de plusieurs jours, nous animons des formations \u00e0 la demande des structures \u00e0 destination de leur salari\u00e9-es, leurs b\u00e9n\u00e9voles ou leurs volontaires.<\/p>\n<p align=\"JUSTIFY\">Ces ateliers-formations permettent de mener un travail collectif et de s\u2019emparer d\u2019une th\u00e9matique, pour vivre en interne une d\u00e9marche d\u2019\u00e9ducation populaire. C\u2019est une mani\u00e8re d\u2019exp\u00e9rimenter et s\u2019approprier des outils coop\u00e9ratifs et de prendre du recul sur les pratiques de la structure en vue de les transformer. C\u2019est l\u2019occasion de sortir le nez du quotidien des actions pour se rencontrer autrement, s\u2019enrichir de nouveaux regards, et travailler une culture commune.<\/p>\n<p align=\"JUSTIFY\">Une d\u00e9marche affirm\u00e9e, mais pas de recette d\u2019intervention&nbsp;: nous construisons l\u2019atelier-formation en dialogue avec vous, \u00e0 partir de vos attentes. Et nous adaptons nos propositions en fonction de ce qui \u00e9merge du groupe pendant l\u2019intervention.<\/p>\n<p align=\"JUSTIFY\">Pour vous inspirer, vous pouvez d\u00e9j\u00e0 consulter les stages propos\u00e9s dans <a href=\"https:\/\/laturbineagraines.net\/index.php\/calendrier\/\">notre calendrier <\/a> et dans <a href=\"https:\/\/laturbineagraines.net\/index.php\/focus\/\">les formations en chantier.<\/a><\/p>\n<p align=\"JUSTIFY\">Vous pouvez inscrire cette action sur votre plan de formation, organiser une action d\u2019int\u00e9r\u00eat collectif r\u00e9gional (AICR), mobiliser le fond de d\u00e9veloppement pour la vie associative (FDVA)\u2026<\/p>\n<p align=\"JUSTIFY\"><span style=\"color: #000000;\">Pour aller plus loin, imaginer avec nous des objets d\u2019intervention, identifier des pistes de financements possibles, <a href=\"https:\/\/laturbineagraines.net\/index.php\/contact\/\">contactez nous.<\/a><br \/>\n<\/span><\/p>\n","protected":false},"excerpt":{"rendered":"<p>La Turbine \u00e0 Graines peut aussi s\u2019inviter chez vous&nbsp;! D\u2019un atelier d\u2019une journ\u00e9e, \u00e0 un stage de plusieurs jours, nous animons des formations \u00e0 la demande des structures \u00e0 destination de leur salari\u00e9-es, leurs b\u00e9n\u00e9voles ou leurs volontaires. Ces ateliers-formations permettent de mener un travail collectif et de s\u2019emparer d\u2019une th\u00e9matique, pour vivre en interne &hellip; <a href=\"https:\/\/laturbineagraines.net\/index.php\/la-formation-turbine\/formation-sur-mesure\/\" class=\"more-link\">Continuer la lecture de <span class=\"screen-reader-text\">Formations sur mesure<\/span> <span class=\"meta-nav\">&rarr;<\/span><\/a><\/p>\n","protected":false},"author":3,"featured_media":0,"parent":9,"menu_order":0,"comment_status":"closed","ping_status":"closed","template":"","meta":{"footnotes":""},"class_list":["post-29","page","type-page","status-publish","hentry"],"_links":{"self":[{"href":"https:\/\/laturbineagraines.net\/index.php\/wp-json\/wp\/v2\/pages\/29","targetHints":{"allow":["GET"]}}],"collection":[{"href":"https:\/\/laturbineagraines.net\/index.php\/wp-json\/wp\/v2\/pages"}],"about":[{"href":"https:\/\/laturbineagraines.net\/index.php\/wp-json\/wp\/v2\/types\/page"}],"author":[{"embeddable":true,"href":"https:\/\/laturbineagraines.net\/index.php\/wp-json\/wp\/v2\/users\/3"}],"replies":[{"embeddable":true,"href":"https:\/\/laturbineagraines.net\/index.php\/wp-json\/wp\/v2\/comments?post=29"}],"version-history":[{"count":29,"href":"https:\/\/laturbineagraines.net\/index.php\/wp-json\/wp\/v2\/pages\/29\/revisions"}],"predecessor-version":[{"id":1500,"href":"https:\/\/laturbineagraines.net\/index.php\/wp-json\/wp\/v2\/pages\/29\/revisions\/1500"}],"up":[{"embeddable":true,"href":"https:\/\/laturbineagraines.net\/index.php\/wp-json\/wp\/v2\/pages\/9"}],"wp:attachment":[{"href":"https:\/\/laturbineagraines.net\/index.php\/wp-json\/wp\/v2\/media?parent=29"}],"curies":[{"name":"wp","href":"https:\/\/api.w.org\/{rel}","templated":true}]}}