{"id":603,"date":"2017-01-25T16:34:19","date_gmt":"2017-01-25T15:34:19","guid":{"rendered":"http:\/\/laturbineagraines.net\/?page_id=603"},"modified":"2022-11-01T09:38:57","modified_gmt":"2022-11-01T08:38:57","slug":"la-turbine-pour-qui","status":"publish","type":"page","link":"https:\/\/laturbineagraines.net\/index.php\/page-d-exemple\/la-turbine-pour-qui\/","title":{"rendered":"La Turbine, c&rsquo;est pour qui ?"},"content":{"rendered":"\n<h2 class=\"wp-block-heading\">A qui s&rsquo;adressent nos espaces\nd&rsquo;\u00e9ducation populaire&nbsp;?<\/h2>\n\n\n\n<p><strong>\u00c0 celles et ceux qui partagent nos questionnements<\/strong>\u2026 <strong>Mais pas forc\u00e9ment nos r\u00e9ponses&nbsp;!<\/strong><\/p>\n\n\n\n<p>Par sa vocation d&rsquo;\u00e9ducation populaire, la Turbine \u00e0 graines <strong>s&rsquo;adresse \u00e0 toutes et tous<\/strong>, quelle que soit son statut, son origine, son genre, sa classe sociale, sa validit\u00e9 physique, son \u00e9ducation, ses connaissances, ses croyances, ses convictions&#8230; dans le respect de quelques r\u00e8gles de fonctionnement propos\u00e9es comme cadre p\u00e9dagogique pour chacune de nos interventions.<\/p>\n\n\n\n<p>Bien \u00e9videmment, <strong>nous sommes situ\u00e9s socialement<\/strong>: Nous poss\u00e9dons des papiers d&rsquo;identit\u00e9 du pays dans lequel nous vivons, nous sommes blancs et portons des noms de familles communs en France, nous sommes issus de la classe moyenne et vivons dans des logements confortables, le genre assign\u00e9 \u00e0 notre naissance nous convient, nous avons des dipl\u00f4mes universitaires, etc. M\u00eame si nous subissons aussi des oppressions structurelles \u00e0 certains endroits, nous sommes plut\u00f4t privil\u00e9gi\u00e9.e.s dans notre syst\u00e8me social. Pourtant, <strong>ce syst\u00e8me ne nous convient pas<\/strong> pour les in\u00e9galit\u00e9s qu&rsquo;il produit et pour les violences qu&rsquo;il exerce sur les personnes et sur l&rsquo;ensemble du vivant.<\/p>\n\n\n\n<p>Plut\u00f4t que de vouloir faire \u00ab\u00a0pour les autres\u00a0\u00bb, o\u00f9 m\u00eame \u00ab\u00a0avec les autres\u00a0\u00bb (comme le sugg\u00e8rent les nouvelles orientations des politiques sociales tout en induisant un \u00ab\u00a0autre\u00a0\u00bb qui divise en m\u00eame temps qu&rsquo;il cr\u00e9e une hi\u00e9rarchie*) <strong>nous pr\u00e9f\u00e9rons simplement proposer \u00e0 celles et ceux qui se posent les m\u00eames questions que nous de venir les partager ensemble, qui qu&rsquo;iel soit.<\/strong><\/p>\n\n\n\n<p>Nous ne pr\u00e9tendons pas d\u00e9tenir la bonne parole et souhaitons au contraire favoriser le d\u00e9bat et l&rsquo;esprit critique, cr\u00e9er des opportunit\u00e9s de prendre d&rsquo;autres places et r\u00f4les que d&rsquo;habitude, se frotter \u00e0 l&rsquo;alt\u00e9rit\u00e9! M\u00eame si nos positionnements vous interrogent ou vous d\u00e9rangent, vous avez toute votre place dans nos ateliers-formations ! C&rsquo;est dans cette m\u00eame posture de \u00ab\u00a0non-savoir\u00a0\u00bb que nous proposons nos interventions et accompagnements : en animant des espaces d&rsquo;expression, de confrontation et de co-construction. (voir <a href=\"https:\/\/laturbineagraines.net\/index.php\/nos-principes-dintervention\/\">Nos principes d&rsquo;intervention<\/a>\u00ab\u00a0)<\/p>\n\n\n\n<p>Nous proposons des formations professionnelles ouvertes \u00e0 toutes et tous parce que nous croyons \u00e0 l&rsquo;importance de se former tout au long de sa vie, pour que le travail puisse \u00eatre une source d&rsquo;\u00e9panouissement et de transformation individuelle et collective. <strong>Que l&rsquo;on soit inscrit-e dans une activit\u00e9 professionnelle, chercheur-euse d&#8217;emploi, en transition, ou autre,&nbsp;<\/strong>nous accompagnons chaque personne \u00e0 mobiliser ses droits \u00e0 la formation professionnelle et pour celleux qui ne peuvent pas en b\u00e9n\u00e9ficier nous proposons de participer \u00e0 prix libre (voir nos <a href=\"https:\/\/laturbineagraines.net\/index.php\/tarifs-et-financements\/\">politiques tarifaires<\/a>) Nous souhaitons <strong>que l&rsquo;argent ne soit pas un frein<\/strong> pour acc\u00e9der \u00e0 nos ateliers-formations.<\/p>\n\n\n\n<p><strong>Notre engagement aupr\u00e8s des\npersonnes en situation de handicap<\/strong><\/p>\n\n\n\n<p>Nous nous engageons \u00e0 faire tout notre\npossible pour faciliter les conditions d&rsquo;accueil de tous et toutes,\navec une attention sp\u00e9cifique pour les public en situation de\nhandicap. \n<\/p>\n\n\n\n<p>La Turbine \u00e0 graines n\u2019a pas de\nlocaux propres o\u00f9 elle effectue ses ateliers-formations. Nous nous\nassurons avant chaque session que les locaux sont en mesure\nd\u2019accueillir des personnes en situation de handicap et respectent\nles normes en vigueur.<\/p>\n\n\n\n<p>N&rsquo;h\u00e9sitez pas \u00e0 nous demander toute pr\u00e9cision qui vous serait utile concernant l\u2019accessibilit\u00e9 du lieu d\u2019un stage et \u00e0 nous exprimer vos besoins sp\u00e9cifiques, nous nous engageons \u00e0 assurer le lien avec le prestataire du lieu de la formation, et \u00e0 chercher ensemble <strong>comment prendre en compte les handicaps<\/strong> pour accueillir chacun.e dans les meilleures conditions possibles.<\/p>\n\n\n\n<p><strong>MERCI DE NOUS INTERPELLER SI VOUS AVEZ DES BESOINS SPECIFIQUES.<\/strong><\/p>\n\n\n\n<p><strong>Ce sera un plaisir de vous \u00e9couter\net de tenter de nous adapter au mieux \u00e0 vos besoins&nbsp;!<\/strong><\/p>\n\n\n\n<p><em>*Classer, dominer, qui sont les autres? Christine Delphy, 2008<\/em> <br><em>\u00ab\u00a0L\u2019id\u00e9ologie dominante nous enjoint de tol\u00e9rer l\u2019Autre. Les textes de Christine Delphy nous montrent que celui ou celle qui n\u2019est pas un Autre, c\u2019est l\u2019homme, et l\u2019homme blanc, h\u00e9t\u00e9rosexuel, valide, ais\u00e9&#8230;\u00a0\u00bb<\/em> <\/p>\n\n\n\n<p><em><br><\/em><\/p>\n\n\n\n<p><\/p>\n\n\n\n<p><em><br><\/em><\/p>\n","protected":false},"excerpt":{"rendered":"<p>A qui s&rsquo;adressent nos espaces d&rsquo;\u00e9ducation populaire&nbsp;? \u00c0 celles et ceux qui partagent nos questionnements\u2026 Mais pas forc\u00e9ment nos r\u00e9ponses&nbsp;! Par sa vocation d&rsquo;\u00e9ducation populaire, la Turbine \u00e0 graines s&rsquo;adresse \u00e0 toutes et tous, quelle que soit son statut, son origine, son genre, sa classe sociale, sa validit\u00e9 physique, son \u00e9ducation, ses connaissances, ses croyances, &hellip; <a href=\"https:\/\/laturbineagraines.net\/index.php\/page-d-exemple\/la-turbine-pour-qui\/\" class=\"more-link\">Continuer la lecture de <span class=\"screen-reader-text\">La Turbine, c&rsquo;est pour qui ?<\/span> <span class=\"meta-nav\">&rarr;<\/span><\/a><\/p>\n","protected":false},"author":3,"featured_media":0,"parent":2,"menu_order":0,"comment_status":"closed","ping_status":"closed","template":"","meta":{"footnotes":""},"class_list":["post-603","page","type-page","status-publish","hentry"],"_links":{"self":[{"href":"https:\/\/laturbineagraines.net\/index.php\/wp-json\/wp\/v2\/pages\/603","targetHints":{"allow":["GET"]}}],"collection":[{"href":"https:\/\/laturbineagraines.net\/index.php\/wp-json\/wp\/v2\/pages"}],"about":[{"href":"https:\/\/laturbineagraines.net\/index.php\/wp-json\/wp\/v2\/types\/page"}],"author":[{"embeddable":true,"href":"https:\/\/laturbineagraines.net\/index.php\/wp-json\/wp\/v2\/users\/3"}],"replies":[{"embeddable":true,"href":"https:\/\/laturbineagraines.net\/index.php\/wp-json\/wp\/v2\/comments?post=603"}],"version-history":[{"count":13,"href":"https:\/\/laturbineagraines.net\/index.php\/wp-json\/wp\/v2\/pages\/603\/revisions"}],"predecessor-version":[{"id":1906,"href":"https:\/\/laturbineagraines.net\/index.php\/wp-json\/wp\/v2\/pages\/603\/revisions\/1906"}],"up":[{"embeddable":true,"href":"https:\/\/laturbineagraines.net\/index.php\/wp-json\/wp\/v2\/pages\/2"}],"wp:attachment":[{"href":"https:\/\/laturbineagraines.net\/index.php\/wp-json\/wp\/v2\/media?parent=603"}],"curies":[{"name":"wp","href":"https:\/\/api.w.org\/{rel}","templated":true}]}}