{"id":835,"date":"2019-05-02T12:08:41","date_gmt":"2019-05-02T11:08:41","guid":{"rendered":"http:\/\/laturbineagraines.net\/?page_id=835"},"modified":"2021-11-17T11:06:02","modified_gmt":"2021-11-17T10:06:02","slug":"lintervention-en-socianalyse","status":"publish","type":"page","link":"https:\/\/laturbineagraines.net\/index.php\/accompagnement-et-intervention\/lintervention-en-socianalyse\/","title":{"rendered":"L&rsquo;intervention en socianalyse"},"content":{"rendered":"\n<p><strong>Comment sortir de situation de crise ou de blocage&nbsp;? &nbsp;Nos interventions en socianalyse<\/strong><\/p>\n\n\n\n<p>Quand un groupe\ndysfonctionne et n\u2019est plus capable de traiter en interne ce qui\nl\u2019encombre, un tiers devient n\u00e9cessaire pour faire \u00e9tat de la\nsituation (par effet miroir) et permettre aux personnes concern\u00e9es\nde d\u00e9cider collectivement des transformations \u00e0 op\u00e9rer au sein de\nl\u2019organisation.<\/p>\n\n\n\n<p>Toute structure\ncollective traverse des moments-cl\u00e9s quelquefois difficiles \u00e0 vivre\net \u00e0 g\u00e9rer en interne sans un tiers ext\u00e9rieur (cr\u00e9ation,\nchangement d\u2019organisation, transition dans les modes de\nfonctionnements, crises, restructuration). Nous intervenons pour\naccompagner ces moments-cl\u00e9s.<\/p>\n\n\n\n<p>Issu de l&rsquo;analyse\ninstitutionnelle, branche de la sociologie critique, nous intervenons\nen \u00ab&nbsp;socianalyse&nbsp;\u00bb, un dispositif adapt\u00e9 aux situations\nde blocage ou de crise dans un groupe (\u00e9tablissement, structure,\ncollectif, organisation, r\u00e9seau ou toute autre forme collective).\nProposer ce dispositif, c&rsquo;est permettre \u00ab&nbsp;l&rsquo;autogestion du\nprocessus&nbsp;\u00bb, c&rsquo;est \u00e0 dire, remettre l\u2019analyse et la gestion\nde la situation dans les mains des personnes concern\u00e9es. Au cours de\nnos interventions, nous organisons les conditions n\u00e9cessaires pour\nque chaque personne puisse\nse r\u00e9approprier la situation v\u00e9cue, mieux la comprendre, \u00eatre\nentendue, prendre du recul, et que l\u2019assembl\u00e9e puisse \u00eatre en\nmesure d\u2019\u00e9laborer ses propres solutions. Le dispositif qu\u2019est la\nsocianalyse r\u00e9v\u00e8le les multiples m\u00e9canismes explicites et\nimplicites de l\u2019organisation actuelle pour permettre sa\ntransformation concr\u00e8te.<\/p>\n\n\n\n<p>Ce travail consiste\nen une enqu\u00eate men\u00e9e par l\u2019ensemble des personnes concern\u00e9es sur\nce qui fait crise ou impasse. Une intervention en socianalyse permet\ndonc de traiter des probl\u00e8mes comme&nbsp;:<\/p>\n\n\n\n<ul class=\"wp-block-list\"><li>des conflits entre personnes, entre services,\n\tentre collectifs, entre unit\u00e9s qui se r\u00e9percutent sur l\u2019ensemble\n\tde l\u2019organisation quelle qu\u2019elle soit.\n\t<\/li><li>la souffrance au travail et ses diff\u00e9rentes\n\tmanifestations en fonction des contextes&nbsp;: burn-out,\n\tabsent\u00e9isme, d\u00e9fiance, arr\u00eat-maladie \u00e0 r\u00e9p\u00e9tition\u2026\n\t<\/li><li>la transmission ou transition importante d\u2019une\n\tactivit\u00e9 dont la forme est remise en cause, par exemple par le\n\td\u00e9part de fondateurs-trices, le d\u00e9part ou l\u2019arriv\u00e9e de\n\tnouvelles personnes, la r\u00e9-organisation d\u2019un service, des sources\n\tde financements qui se tarissent, le renouvellement d\u2019un conseil\n\td\u2019administration&#8230;\n\t<\/li><li>une d\u00e9cision collective implicante comme\n\tl\u2019arr\u00eat ou la refonte d\u2019une aventure collective, un changement\n\tde statut, l\u2019inclusion ou l\u2019exclusion de personnes, une\n\tindivision bloquant un h\u00e9ritage\u2026\n\t<\/li><li>Une forte inertie, un projet qui n\u2019advient\n\tpas, la non mise en \u0153uvre des d\u00e9cisions, la mise en doute\n\tpermanente&#8230;\n<\/li><\/ul>\n\n\n\n<p>La Turbine \u00e0\nGraines propose des interventions en socianalyse dans le cadre de ses\ndispositifs d&rsquo;accompagnement, pour permettre une sortie de crise et \/\nou engager une transformation.  Ces interventions demandent une\nimplication collective et individuelle importante, c\u2019est pourquoi\nnous avons besoin d\u2019un minimum de 3 \u00e0 5 jours pour r\u00e9v\u00e9ler les\nsituations, lever les non-dits, comprendre la vision de chacun-e et\npermettre un temps de projection dans les nouvelles formes\nd\u2019organisation.<\/p>\n\n\n\n<p>Pour le financement\nde ces interventions, nous \u00e9tudierons des solutions adapt\u00e9es selon\nvos r\u00e9alit\u00e9s. \n<\/p>\n\n\n\n<p>Pour plus\nd&rsquo;informations : contact@laturbineagraines.net<\/p>\n","protected":false},"excerpt":{"rendered":"<p>Comment sortir de situation de crise ou de blocage&nbsp;? &nbsp;Nos interventions en socianalyse Quand un groupe dysfonctionne et n\u2019est plus capable de traiter en interne ce qui l\u2019encombre, un tiers devient n\u00e9cessaire pour faire \u00e9tat de la situation (par effet miroir) et permettre aux personnes concern\u00e9es de d\u00e9cider collectivement des transformations \u00e0 op\u00e9rer au sein &hellip; <a href=\"https:\/\/laturbineagraines.net\/index.php\/accompagnement-et-intervention\/lintervention-en-socianalyse\/\" class=\"more-link\">Continuer la lecture de <span class=\"screen-reader-text\">L&rsquo;intervention en socianalyse<\/span> <span class=\"meta-nav\">&rarr;<\/span><\/a><\/p>\n","protected":false},"author":3,"featured_media":0,"parent":12,"menu_order":0,"comment_status":"closed","ping_status":"closed","template":"","meta":{"footnotes":""},"class_list":["post-835","page","type-page","status-publish","hentry"],"_links":{"self":[{"href":"https:\/\/laturbineagraines.net\/index.php\/wp-json\/wp\/v2\/pages\/835","targetHints":{"allow":["GET"]}}],"collection":[{"href":"https:\/\/laturbineagraines.net\/index.php\/wp-json\/wp\/v2\/pages"}],"about":[{"href":"https:\/\/laturbineagraines.net\/index.php\/wp-json\/wp\/v2\/types\/page"}],"author":[{"embeddable":true,"href":"https:\/\/laturbineagraines.net\/index.php\/wp-json\/wp\/v2\/users\/3"}],"replies":[{"embeddable":true,"href":"https:\/\/laturbineagraines.net\/index.php\/wp-json\/wp\/v2\/comments?post=835"}],"version-history":[{"count":3,"href":"https:\/\/laturbineagraines.net\/index.php\/wp-json\/wp\/v2\/pages\/835\/revisions"}],"predecessor-version":[{"id":842,"href":"https:\/\/laturbineagraines.net\/index.php\/wp-json\/wp\/v2\/pages\/835\/revisions\/842"}],"up":[{"embeddable":true,"href":"https:\/\/laturbineagraines.net\/index.php\/wp-json\/wp\/v2\/pages\/12"}],"wp:attachment":[{"href":"https:\/\/laturbineagraines.net\/index.php\/wp-json\/wp\/v2\/media?parent=835"}],"curies":[{"name":"wp","href":"https:\/\/api.w.org\/{rel}","templated":true}]}}